2 composite?
True
Is 2256479 a composite number?
False
Is 68403839 a prime number?
False
Is 88502233 composite?
True
Is 4619171 prime?
False
Is 614780483 a prime number?
False
Is 1066113311 composite?
True
Is 10834799 prime?
True
Is 43504849 composite?
False
Is 54469 composite?
False
Is 543281 a composite number?
False
Is 3237161 a prime number?
True
Is 2418037 prime?
True
Is 59582723 prime?
True
Is 12695489 prime?
True
Is 2280511 composite?
True
Is 6764503 a composite number?
False
Is 1683719 composite?
False
Is 2429893 composite?
False
Is 34347607 prime?
False
Is 12933919 a composite number?
False
Is 553298287 a prime number?
True
Is 203661013 a composite number?
False
Is 13541793 a prime number?
False
Is 229784731 composite?
True
Is 46015561 composite?
True
Is 2602399 a prime number?
True
Is 1092239 a prime number?
False
Is 3021751 a prime number?
True
Is 15988631 a prime number?
True
Is 2376281 composite?
True
Is 261319921 prime?
True
Is 2962891 a composite number?
False
Is 20713006 a prime number?
False
Is 3739247 prime?
True
Is 4477763 a prime number?
False
Is 65974687 a prime number?
True
Is 102368989 prime?
True
Is 61134953 composite?
True
Is 169569277 a prime number?
True
Is 20986747 prime?
True
Is 1031291 prime?
True
Is 22654811 composite?
False
Is 45749779 composite?
False
Is 5182465 prime?
False
Is 16396453 a prime number?
True
Is 13647917 composite?
False
Is 156487 a prime number?
True
Is 4678847 a composite number?
True
Is 146001481 a prime number?
True
Is 3217693 prime?
True
Is 82713661 a prime number?
True
Is 3908543 prime?
True
Is 2553419 a prime number?
False
Is 50388449 prime?
True
Is 49362767 composite?
False
Is 96720611 a composite number?
True
Is 265438583 a composite number?
True
Is 44120429 a prime number?
True
Is 184165 prime?
False
Is 8346367 a composite number?
False
Is 601223 prime?
False
Is 14252159 composite?
True
Is 1490443 a composite number?
False
Is 2927389 prime?
True
Is 121288142 a composite number?
True
Is 4700099 a prime number?
True
Is 11688601 a prime number?
False
Is 50705097 a composite number?
True
Is 44805503 composite?
False
Is 19863853 prime?
True
Is 259048397 prime?
False
Is 1443271 a prime number?
True
Is 8836237 a composite number?
True
Is 9171667 prime?
False
Is 266774359 a prime number?
False
Is 1027419385 a composite number?
True
Is 407844713 composite?
True
Is 9689581 a prime number?
False
Is 1556623 a composite number?
False
Is 373780163 composite?
True
Is 11154077 composite?
True
Is 306268111 prime?
True
Is 336842639 composite?
True
Is 702173 composite?
False
Is 71698091 a prime number?
False
Is 454783783 composite?
False
Is 86702059 prime?
False
Is 1633251097 a prime number?
True
Is 13973423 a composite number?
False
Is 8420693 a prime number?
False
Is 245561 a prime number?
True
Is 79678409 prime?
True
Is 150442541 a composite number?
False
Is 386459 a prime number?
False
Is 62269843 a composite number?
True
Is 1043453 a prime number?
True
Is 12819593 a composite number?
True
Is 35666503 prime?
False
Is 434630387 composite?
False
Is 5163689 composite?
True
Is 27303163 a composite number?
True
Is 79290587 a composite number?
False
Is 3706589 a composite number?
True
Is 7069651 composite?
True
Is 9824541 composite?
True
Is 3622663 prime?
False
Is 41600197 composite?
True
Is 1808869 a prime number?
True
Is 55539689 a composite number?
False
Is 129539921 a composite number?
True
Is 261647177 composite?
True
Is 172548791 prime?
True
Is 2234315 prime?
False
Is 451454819 a prime number?
True
Is 1991653 composite?
False
Is 3996658 a composite number?
True
Is 3579974 a prime number?
False
Is 1700242 composite?
True
Is 4829005 a composite number?
True
Is 26315293 a prime number?
True
Is 2421301 a composite number?
True
Is 156118597 a composite number?
False
Is 13361149 prime?
False
Is 4475909 prime?
False
Is 39532189 composite?
False
Is 36898781 prime?
True
Is 4332317 a prime number?
False
Is 36268195 a composite number?
True
Is 14963307 composite?
True
Is 1236806179 a composite number?
True
Is 18094883 composite?
False
Is 14242409 composite?
False
Is 6104807 a composite number?
False
Is 5619317 a composite number?
True
Is 959533 a composite number?
False
Is 75555937 a prime number?
False
Is 259874 a composite number?
True
Is 318392441 composite?
False
Is 1605257 a prime number?
True
Is 152741021 a prime number?
True
Is 918031133 prime?
False
Is 615006679 a prime number?
False
Is 8376289 a composite number?
True
Is 24195601 prime?
True
Is 12945291 a composite number?
True
Is 171582487 a prime number?
True
Is 198851837 a prime number?
True
Is 29151431 a prime number?
False
Is 12572443 prime?
False
Is 1137029 a composite number?
False
Is 340979 composite?
False
Is 58742069 a prime number?
False
Is 45876131 composite?
True
Is 358893809 a prime number?
False
Is 5401211 a prime number?
True
Is 1016698 prime?
False
Is 1459620533 composite?
True
Is 5174285 prime?
False
Is 179357869 prime?
True
Is 9136787 a prime number?
False
Is 76265503 composite?
False
Is 265961302 prime?
False
Is 347120027 composite?
True
Is 25533679 a prime number?
True
Is 58485877 prime?
True
Is 598065499 a composite number?
False
Is 32420243 composite?
False
Is 9379273 composite?
True
Is 78067387 prime?
True
Is 1865987 prime?
True
Is 9319979 a prime number?
True
Is 18826037 prime?
True
Is 25004999 prime?
False
Is 1336997 composite?
False
Is 401682169 composite?
True
Is 3855757 a composite number?
False
Is 1751537 composite?
True
Is 55703411 composite?
False
Is 370101097 a prime number?
True
Is 26149637 composite?
False
Is 965873 a composite number?
True
Is 527927 composite?
True
Is 83609593 composite?
True
Is 96899681 prime?
False
Is 577471 prime?
True
Is 2123831 prime?
True
Is 11991115 prime?
False
Is 445381 prime?
False
Is 14691239 composite?
False
Is 312846923 prime?
False
Is 66679267 a prime number?
True
Is 57049313 prime?
True
Is 8027654 a composite number?
True
Is 7889807 a composite number?
True
Is 53088197 composite?
True
Is 55952191 a prime number?
True
Is 8498447 a prime number?
False
Is 18558641 a composite number?
True
Is 70107293 a composite number?
False
Is 230787013 a prime number?
True
Is 25518893 composite?
True
Is 6817157 prime?
True
Is 181371507 a prime number?
False
Is 4581191 a composite number?
False
Is 50607289 prime?
False
Is 703753 prime?
True
Is 9619907 a composite number?
True
Is 497323 prime?
True
Is 271751 a prime number?
False
Is 31194259 a composite number?
True
Is 18795307 composite?
True
Is 60705591 prime?
False
Is 4984879 a prime number?
True
Is 111187 a prime number?
True
Is 11670359 a prime number?
True
Is 8692571 a composite number?
False
Is 159413893 a prime number?
True
Is 46698499 a composite number?
False
Is 132083 a composite number?
True
Is 2287651 composite?
True
Is 4136963 prime?
True
Is 4230146 prime?
False
Is 9716419 prime?
False
Is 55268591 composite?
True
Is 2571893 prime?
True
Is 6436417 a composite number?
True
Is 6391997 a composite number?
True
Is 9819031 a composite number?
False
Is 9508078 prime?
False
Is 94582177 a prime number?
True
Is 45141181 composite?
True
Is 43563731 a composite number?
False
Is 10095665 a prime number?
False
Is 256110535 a composite number?
True
Is 26145511 prime?
False
Is 191497331 a composite number?
True
Is 104311523 a composite number?
False
Is 42093899 a composite number?
False
Is 6080045 composite?
True
Is 1423239053 prime?
True
Is 87852721 composite?
True
Is 1767981 composite?
True
Is 52702963 composite?
True
Is 7092373 prime?
False
Is 169804409 prime?
True
Is 448303 prime?
True
Is 1493159 prime?
True
Is 1916737 prime?
True
Is 27628609 a prime number?
True
Is 102457 prime?
False
Is 14075573 a composite number?
True
Is 153220169 a prime number?
False
Is 236488771 a composite number?
False
Is 4772807 composite?
True
Is 10614677 a composite number?
True
Is 33947519 prime?
True
Is 11105147 composite?
False
Is 89573303 a composite number?
True
Is 354576709 a prime number?
True
Is 56879931 a prime number?
False
Is 53070673 a prime number?
True
Is 56747879 composite?
True
Is 7607869 a composite number?
False
Is 116084077 composite?
True
Is 1871951 composite?
False
Is 186917 composite?
False
Is 788471 a composite number?
True
Is 607676523 composite?